4444344 (base 5) to base 11
5374a
Convert -367a789 (base 11) to base 14.
-bc776a
What is 11010120102121 (base 3) in base 5?
1030233221
Convert 98d2d (base 15) to base 5.
111014333
Convert -133230020 (base 4) to base 14.
-35436
Convert -b845c (base 13) to base 16.
-512d4
What is 1344550 (base 7) in base 5?
21214301
433204430 (base 5) to base 8
7036367
What is -11033301210 (base 4) in base 5?
-323002312
What is 1011110100001011101 (base 2) in base 14?
a1149
Convert 2a0ba2 (base 12) to base 10.
706730
What is 22952 (base 12) in base 10?
46286
What is -827365 (base 12) in base 10?
-2044733
Convert -216073 (base 10) to base 3.
-101222101201
What is -152774 (base 14) in base 4?
-2303321202
Convert -89235 (base 12) to base 6.
-3521305
Convert 436646 (base 7) to base 3.
10220101002
101100111111111001000 (base 2) to base 11
9178a9
What is -157345 (base 12) in base 9?
-615728
Convert 6212632 (base 7) to base 5.
142233122
Convert 1001001101100011110 (base 2) to base 15.
5e689
11212211212 (base 3) to base 10
96116
-10003232020 (base 4) to base 2
-100000011101110001000
11101010111111110 (base 2) to base 6
2325010
What is -134fe6 (base 16) in base 2?
-100110100111111100110
7a910 (base 13) to base 8
664307
What is -6a013 (base 12) in base 7?
-1130103
Convert -5412d9 (base 14) to base 11.
-1674364
-1110000001101001 (base 2) to base 11
-3a187
What is 16532001 (base 7) in base 9?
3041073
Convert 2102100320 (base 4) to base 12.
24a848
What is 104535155 (base 6) in base 11?
1095149
Convert 30002103222 (base 4) to base 3.
12221022002110
Convert -20341222 (base 6) to base 5.
-122314221
What is 20444325 (base 6) in base 14?
117897
2294752 (base 10) to base 5
1041413002
Convert 1310212 (base 7) to base 8.
515122
201001021100 (base 3) to base 9
631240
What is -23531545 (base 6) in base 10?
-743033
-1245412 (base 6) to base 9
-114118
-263536 (base 8) to base 10
-91998
What is 1128a3 (base 13) in base 14?
a7c0d
What is -2011021000 (base 3) in base 15?
-c8b6
Convert 150b27 (base 14) to base 2.
10110010101110111111
What is 4010230441 (base 5) in base 8?
36103367
100100011001111 (base 2) to base 9
27510
What is 2b472 (base 16) in base 6?
3444402
What is 4627 (base 12) in base 11?
5958
Convert 443583 (base 10) to base 2.
1101100010010111111
321301 (base 8) to base 7
624353
What is -651426 (base 7) in base 2?
-11011101011111110
Convert 160901 (base 11) to base 14.
67163
What is 424235111 (base 6) in base 4?
130203201103
Convert 9c44 (base 15) to base 16.
8173
What is -b54739 (base 13) in base 11?
-24343a1
-424444 (base 7) to base 4
-101332132
Convert 1245411 (base 7) to base 11.
101338
Convert 50392 (base 12) to base 8.
313436
Convert 1125222 (base 6) to base 3.
2221211012
47a663 (base 11) to base 15
10064b
Convert 110110111011111 (base 2) to base 8.
66737
What is -3681a83 (base 11) in base 16?
-61aaed
Convert -227472 (base 8) to base 4.
-102330322
What is 5201157 (base 10) in base 16?
4f5d05
Convert 133fe (base 16) to base 3.
11000011020
-1011011000111010011 (base 2) to base 13
-100b3c
What is -125404321 (base 7) in base 6?
-444535554
111001001001000110100 (base 2) to base 12
763704
233212132 (base 4) to base 9
326407
What is -40a1a (base 15) in base 9?
-341807
110110010000011001101 (base 2) to base 6
102034513
What is 74e6b1 (base 16) in base 15?
a14edd
What is -b1190 (base 16) in base 6?
-23314144
What is b33c (base 13) in base 10?
24725
-11a0770 (base 13) to base 11
-3106a51
8334168 (base 9) to base 14
83c345
What is -3010331 (base 6) in base 12?
-699a7
73859 (base 11) to base 12
52274
What is -42207 (base 13) in base 8?
-350307
What is 69384 (base 11) in base 15?
1eaa5
Convert 617751 (base 9) to base 5.
43212241
Convert -301021001232 (base 4) to base 11.
-72a9507
Convert -2203103033 (base 4) to base 16.
-a34cf
Convert 1b136b (base 15) to base 12.
538155
What is -42023513 (base 6) in base 3?
-2021210201000
What is 202001000010101 (base 3) in base 11?
60134a0
Convert 2b780 (base 13) to base 9.
135241
Convert -100111101000011101 (base 2) to base 14.
-43233
Convert 5351063 (base 7) to base 16.
9ef33
519125 (base 11) to base 2
11001011001000010111
What is 10000201111 (base 3) in base 9?
100644
Convert 100001000001010001 (base 2) to base 13.
4973a
What is -142a93 (base 16) in base 6?
-44154335
What is 1111001100100101010 (base 2) in base 5?
111413322
-12101 (base 16) to base 12
-36995
What is -57b157 (base 12) in base 16?
-157e13
Convert 1040818 (base 11) to base 2.
110111111000011001000
What is -35a733 (base 11) in base 3?
-1001222122112
What is -240703 (base 8) in base 5?
-10113441
What is 625275 (base 8) in base 4?
302222331
What is -6f85a7 (base 16) in base 14?
-d8374b
What is 40b21 (base 12) in base 10?
84553
Convert 66678 (base 11) to base 13.
34cb1
What is -1023031 (base 6) in base 9?
-75421
What is -ce41 (base 15) in base 7?
-241303
Convert -1332331110 (base 4) to base 5.
-113120040
7d0a2d (base 14) to base 11
2454273
Convert 213321 (base 12) to base 10.
524041
Convert 1211110001101 (base 3) to base 6.
32505444
Convert 176580 (base 16) to base 15.
2044ac
What is -41663520 (base 8) in base 3?
-121200211120120
Convert 31b329 (base 13) to base 10.
1167149
Convert 2e85a (base 16) to base 12.
92336
Convert -2021202100021 (base 3) to base 4.
-10220300011
What is 1484615 (base 11) in base 2?
1001101011110111001111
Convert 112230222 (base 4) to base 6.
1554230
258651 (base 10) to base 2
111111001001011011
What is -1b9d4 (base 15) in base 4?
-111331312
Convert -3031201313 (base 4) to base 11.
-525546
Convert 2130233143 (base 5) to base 11.
26208aa
Convert -101220241 (base 6) to base 9.
-3248017
What is -4b2ddc (base 15) in base 16?
-36ff21
-7062417 (base 9) to base 3
-21002002110121
Convert 20110220220 (base 3) to base 4.
133020132
What is 11032310201 (base 4) in base 13?
3902c3
-3a645 (base 15) to base 9
-314512
Convert -318726 (base 9) to base 7.
-1421214
-5412714 (base 9) to base 13
-7a7b7a
Convert cb8c94 (base 13) to base 16.
4914a4
What is 1c726 (base 14) in base 3?
10200210110
Convert -2413065 (base 7) to base 13.
-a9389
Convert -11010011011000000 (base 2) to base 3.
-12111110022
Convert 4b44a (base 14) to base 5.
21402243
Convert -20246 (base 16) to base 6.
-2453302
-1036ec0 (base 15) to base 7
-200211231
-1001021220201 (base 3) to base 4
-2013331132
-658aa (base 15) to base 8
-1166031
What is 11233204 (base 6) in base 4?
1110222010
What is -121002012122 (base 3) in base 11?
-1a6902
What is -2797274 (base 10) in base 14?
-52b5b4
What is 22022122 (base 4) in base 14?
11254
Convert -614105 (base 15) to base 16.
-46813d
Convert 100032220003 (base 4) to base 13.
b5c4b0
Convert 889969 (base 11) to base 3.
2200002001200
What is -46add8 (base 15) in base 10?
-3378128
Convert -82109 (base 16) to base 3.
-1000001210022
What is -508565 (base 9) in base 7?
-2364062
Convert -43056 (base 14) to base 4.
-213202310
What is -3230205 (base 6) in base 7?
-1232654
Convert 22223022 (base 6) to base 8.
2440366
What is ee8189 (base 15) in base 16?
ad73ba
What is -101000110110101101011 (base 2) in base 4?
-11012311223
What is -51129 (base 11) in base 9?
-123406
-c9927 (base 14) to base 7
-4100150
Convert -a0829 (base 11) to base 16.
-23fd1
Convert -110110011100110111 (base 2) to base 11.
-142626
Convert b3e879 (base 16) to base 11.
6723388
245d1 (base 15) to base 11
7a22a
Convert 111010110110111001000 (base 2) to base 5.
443204043
What is 1113233 (base 7) in base 9?
230272
Convert -11210231321 (base 4) to base 12.
-5a5675
Convert -23ca5 (base 14) to base 10.
-87561
What is 5a432a1 (base 11) in base 2?
101000001011000110011001
Convert 24379a (base 15) to base 2.
110100111000111100111
Convert 54308 (base 15) to base 13.
94892
-6654bb (base 12) to base 2
-110001101001010001111
13671 (base 10) to base 6
143143
What is 1a6740a (base 11) in base 6?
202325504
What is -123632 (base 8) in base 11?
-2a266
Convert -7527725 (base 8) to base 3.
-10210011200221
Convert 2105405 (base 11) to base 12.
12ab905
What is 12434611 (base 7) in base 4?
10111011202
Convert 3527020 (base 8) to base 4.
3222320100
What is -8592 (base 10) in base 4?
-2012100
Convert -653666 (base 10) to base 5.
-131404131
Convert -153035523 (base 6) to base 3.
-20001211002020
What is 120021231 (base 7) in base 9?
14854370
What is -7